ors of d?
2
Let h be (3 + -5)*3/(-2). Suppose 5*o - 17 = 3*i, -h*o + 9 = 5*i - 2*o. Let v = i + 1. List the prime factors of v.
2
Suppose -5*h + 374 + 36 = 0. What are the prime factors of h?
2, 41
Let v(j) = j + 6*j**2 + 0*j**3 - j**3 - 1 - 5. Let s be v(5). Let h = -10 + s. What are the prime factors of h?
2, 7
Let k(v) = -v**3 - 2*v**2 + 2. Let r be k(-2). Let y(n) = -n - 1. Let h(p) = -p + 6. Let j(z) = -h(z) - 3*y(z). List the prime factors of j(r).
5
Suppose 3*o + o + 16 = 0. List the prime factors of (-6)/o + 125/10.
2, 7
Let v be -1 - 3*3/(-3). Suppose -v*u - 2*u + 44 = 0. List the prime factors of u.
11
Let x(u) = -u**2 + 6*u - 5. Let p be x(5). Suppose -2*w + p*w = -24. Suppose 2*q + 4*z = 3*q - w, -3*z - 14 = -2*q. List the prime factors of q.
2
Let h(d) = -d - 4. Let m be h(-7). Let s(r) = m*r + 0*r - r + 0 - 1. What are the prime factors of s(4)?
7
Suppose -5*q - 5*o - 8 + 23 = 0, q = -2*o + 4. Suppose i + q - 16 = 0. What are the prime factors of i?
2, 7
Let i(j) = -j**3 - 4*j**2 - 2*j - 2. Let l be i(-2). Let k be (l - 1/1)*3. Let u = -9 - k. What are the prime factors of u?
2, 3
Suppose 0 = 4*n - 8*n + 500. List the prime factors of n.
5
Let i be (1 - -4)*(1 + 0). Suppose i*j + 5*a - 30 = 0, -2*a + 22 = 5*j - 20. What are the prime factors of j?
2, 5
Let r(k) = k**2 + k - 1. Suppose 9 = -2*j + 3*g, 5*g - 6*g - 11 = 4*j. List the prime factors of r(j).
5
List the prime factors of 7 + -2 + -1 + 1.
5
Let q(x) = -7*x - 12. List the prime factors of q(-12).
2, 3
Let u(h) = 6*h**2 - 5*h + 4. List the prime factors of u(3).
43
Let m be (0 - 0)*(-5 + 4). Suppose m = 2*u + 2*u. Suppose -2*x + g = -9 + 1, u = -g + 2. List the prime factors of x.
5
Suppose 0 = 2*l - 0 - 10, 3*l = 4*c - 9. What are the prime factors of (48/(c + -3))/2?
2
Let m = 5 - -3. Let x = -1 - -3. List the prime factors of x/m - (-553)/28.
2, 5
Suppose z - 139 = 14. What are the prime factors of z?
3, 17
Suppose v + 1 = 0, 1 - 12 = -4*k - 5*v. Suppose k*z = z - 27. What are the prime factors of (z - 1)*4/(-8)?
5
Let p = -49 + 84. List the prime factors of p.
5, 7
Let l(m) = 2*m**2 - 11*m + 20. What are the prime factors of l(8)?
2, 3, 5
Suppose 0*w - 3*w = 9, -4*f - 5*w = 3. Let k = f + 10. List the prime factors of k - (2 - 2/2).
2, 3
Let u = -23 - -40. Suppose 3*v - 5*t - u = 4*v, t = -1. What are the prime factors of ((-20)/(-6))/(v/(-18))?
5
Let i = -7 + 14. Suppose -4*x + i + 17 = 0. What are the prime factors of (1 - 9/x)*-28?
2, 7
Suppose 4*v - 2*v = 6. Suppose -k + 8 = v*k. Suppose 0 = 3*c + 3*r - 24, 0 = k*c - c - r. List the prime factors of c.
2
Suppose -36 = -0*q - 4*q. What are the prime factors of q?
3
Let l be 1 - 3/((-3)/(-2)). Let o = l - -1. Suppose 3*k = -g - k + 23, o = 3*k - 12. List the prime factors of g.
7
Suppose -3*z - 6 = -4*z. Suppose -4*o - 24 = -w + 9, -3*w + 91 = -4*o. Suppose 0 = -5*c - 3*y, z*c = 3*c + 4*y + w. What are the prime factors of c?
3
Suppose 59 = -2*k + 333. List the prime factors of k.
137
Let k be 11/((-22)/288)*1. List the prime factors of 7*(k/28)/(-2).
2, 3
Let t(j) = -j**3 + 6*j**2 - 2*j - 4. Suppose -2*o = 3*v + v + 4, 0 = v + 4. Let g be t(o). Let b = 2 - g. What are the prime factors of b?
2, 3
Let n(t) = t + 5. Let q be n(5). Suppose -94 = 3*p - h, p - 4*h = q - 56. What are the prime factors of 36/p*(-80)/6?
2
Let j be (-1)/5 + (-6)/(-30). Suppose j = -3*z + 2*z + 35. Suppose t = -3*m + z - 5, 4*t = 2*m + 50. List the prime factors of t.
3, 5
Let j be (16/(-20))/(2/(-10)). Let m be (40/(-25))/(j/(-10)). Suppose 7*l - 15 = 2*l - 5*w, -m*l + 12 = 3*w. List the prime factors of l.
3
List the prime factors of 6*(-4)/(24/(-33)).
3, 11
Let t be 0 - (-2 - -2) - -86. Suppose t = 2*i + 34. What are the prime factors of i?
2, 13
Let i(q) = -7*q**2 + 13*q - 11. Let z(t) = -6*t**2 + 13*t - 10. Let n(f) = 5*i(f) - 6*z(f). What are the prime factors of n(15)?
5, 7
Suppose -3*z - 27 = 3*b, 0*z = -2*b + z - 9. Suppose 0 = -2*c + 2, -c - 1 - 4 = 2*x. What are the prime factors of (b/9)/(1/x)?
2
Let m = -108 - -162. What are the prime factors of m?
2, 3
Let g(t) = -5*t + 21. Let b be g(-19). Suppose 0 = -4*f + 5*s + 117, 3*f - 4*s - b = -f. What are the prime factors of f?
2, 7
Let y be (-3)/((-9)/15 - 0). Let f(q) = 2 - y*q + 2*q + 4*q. What are the prime factors of f(5)?
7
Suppose 30 = 2*m - 5*t, -4*m - 5*t + 34 = -2*t. What are the prime factors of (-2)/m + (-52)/(-10)?
5
Let g(u) = -u. Let j be g(0). Suppose 6 = 3*q, 2*y - 2*q - 8 = -j*q. What are the prime factors of y?
2, 3
Let q(l) = -23*l**2 - 1. Let x be q(1). Suppose -5*i - 5*c - 53 - 127 = 0, 2*c = 3*i + 103. Let b = x - i. List the prime factors of b.
11
Suppose 160 = -12*f + 8*f. Let g = f - -77. What are the prime factors of g?
37
Let m(r) = 5*r**2 + 6*r - 5. Let a be m(-5). Suppose -4*k + a = 3*p + k, p = 5*k + 50. List the prime factors of p.
5, 7
Suppose g + 2*n - 6*n = 7, -5*n = 0. What are the prime factors of g?
7
Suppose 2 - 10 = -4*i. What are the prime factors of i?
2
Let l(w) = w**3 - 2*w**2 + 3*w + 4. Let s be l(4). Let k = s - 34. List the prime factors of k.
2, 7
What are the prime factors of 1498/8 - 6/24?
11, 17
Let n be (-2)/((-2)/(40/(-2))). Suppose 2*h - 73 + 17 = 0. Let m = h + n. What are the prime factors of m?
2
Let g(i) = i**3 - 2*i - 4. Let h be g(3). Let j = -10 + h. List the prime factors of j.
7
Let g be -2 + -1 + 5 - -2. Let u(t) = 4 - g*t + 3 - 2*t + t**2. List the prime factors of u(6).
7
Let u(t) = t**3 + 8*t**2 + 7*t. Suppose -3*f + 3*i - 25 = 5*i, 0 = 2*f - 5*i - 15. List the prime factors of u(f).
2, 5
Let o = 1 + 2. Suppose t + t + 4*y = 28, 0 = 3*t + o*y - 30. Suppose w - t*w = -15. What are the prime factors of w?
3
Let i = -1 - -3. Suppose -c + 38 = 4*w, 3*w - i*c + 26 = 6*w. Suppose 3*r - r = w. What are the prime factors of r?
5
Suppose 0 = -3*p - 33 - 30. Let g = p - -30. List the prime factors of g.
3
Let g = -8 + 9. Suppose 3 = b + g. List the prime factors of (0 - -1)/(b/20).
2, 5
Suppose 3*q + 102 = -0*q. Let y = -24 - q. What are the prime factors of y?
2, 5
Suppose -2*i - w + 1 = 0, -3 = 3*i - 2*w - 8. Let f = i + 4. Let h = 7 + f. What are the prime factors of h?
2, 3
Let q(a) = -a**2 + 8*a - 9. Let j be q(6). Suppose -5*d = l - 83, -d - 23 = -2*d + j*l. List the prime factors of d.
17
Let v = 115 - -40. What are the prime factors of v?
5, 31
Let j(r) = -r**2 - 5*r. Let w be j(-4). Let o(t) = -t**3 + 4*t**2 + 3*t - 3. What are the prime factors of o(w)?
3
Let m(h) = h**2 - 2*h - 6. Let p(a) = -3*a + 1 + 0 - a**3 + 5*a**2 + 0*a**3. Let i be p(4). What are the prime factors of m(i)?
3
Let n(v) = -2*v - 3*v + 13*v**2 - 12*v**2 - 4. What are the prime factors of n(-4)?
2
Let p(f) = -f + 2. Let g be p(-4). List the prime factors of (2/6 + 1)*g.
2
Let m(r) = -4*r - 4. Suppose -5*z + 2 = -13. Suppose 4*n = z*n - 5. List the prime factors of m(n).
2
Let k be 2 + ((-2)/(-2) - 62). Let q = -23 - k. Suppose q = -3*w + 7*w. What are the prime factors of w?
3
Suppose 3*y - 7*y = 3*j - 550, -2*j - 4 = 0. What are the prime factors of y?
139
Let h be (12*9)/(9/(-18)). What are the prime factors of (-2)/6*h/8?
3
Let j(n) = n**3 - 5*n**2 + 14*n - 20. What are the prime factors of j(8)?
2, 71
Suppose -2*j + 8 + 12 = 0. Suppose 2*s - j = -h, -2*s = 3*h - 5 - 5. What are the prime factors of s?
5
Let x be (-3)/(-3 - 45/(-12)). Let b be ((-10)/x)/(-1)*30. What are the prime factors of b/(-10) + 3/(-2)?
2, 3
Let n be (11/(-4))/(1/(-4)). Let c = 18 - 15. Suppose -c*d + 3*t = 3, -d = -2*d - 3*t + n. List the prime factors of d.
2
Let m(h) be the third derivative of -h**5/60 + h**3/2 + h**2. List the prime factors of m(0).
3
Let k = 10 + -6. Let s = 13 - k. List the prime factors of 3*(2 - 6/s).
2
Suppose 138 = -2*k + 4*g, k + 97 = 3*g - 8*g. List the prime factors of (0 - -1)*k/(-7).
11
Suppose -3*h = -2*s + 21, -2*h = 2*h + 20. Suppose -5 - 1 = -s*t. List the prime factors of t.
2
Let w be 9*-3*6/(-9). Suppose h = 4*h - w. Let u = h - 2. List the prime factors of u.
2
Suppose -6*n = -n + 10. Let a be (-2)/(n/3) + 1. Suppose g + 3*g = -t + 31, a*g - 25 = t. What are the prime factors of g?
7
Let j(d) = 57*d**2 - 2*d + 2. Suppose 4*x + 5*r = r + 24, -4*x + 3*r = 11. What are the prime factors of j(x)?
3, 19
Let a(k) = k**3 - k + 6. Let t 